+ 604. Is i prime?
False
Let h = -17 - 43. Let w = 73 + -48. Let n = w - h. Is n prime?
False
Let j(t) = 6*t**2 + 3. Let m be j(-5). Suppose 64 = 2*c + 2*f, 5*c + 3*f = 5*f + m. Is c composite?
False
Suppose 2*v + 3*l - 1 + 5 = 0, 5*v - 12 = -2*l. Suppose y - v*g = 607 - 163, 2*y = -3*g + 866. Suppose y = -3*t + 7*t. Is t prime?
True
Suppose -5*x + x = -2*z + 6, -3*x = -5*z + 22. Suppose 0 = -y + a + 119, y - z*a = 149 - 30. Is y composite?
True
Let h = 3604 - -763. Is h prime?
False
Suppose -4*g + 3*m + 239 = 0, 5*g - 4*m + 9*m - 325 = 0. Is g a prime number?
False
Let c = 10 - 6. Suppose 6*v - c*v - 436 = 0. Is v composite?
True
Suppose 0 = 3*w - 6*w - r + 2, 4*w + r - 1 = 0. Is 6 + -4 + (-121)/w a composite number?
True
Is ((-1)/2)/(9/(-4194)) composite?
False
Suppose -4*q + 298 = -1458. Is q composite?
False
Suppose 0 = -m + 6*m - 395. Is m prime?
True
Is (-2)/(-1) - (-994)/2 prime?
True
Suppose 0 = w + 4*q + 960, -2*w + w - q = 963. Let v = w + 1386. Is v a prime number?
False
Suppose -9*k + 2876 = -5*k. Is k composite?
False
Let o be (-3 - -2)/((-1)/5). Suppose o*u - 5 = 5. Suppose -3*a - u*a + 2*i + 41 = 0, -17 = -2*a + i. Is a composite?
False
Suppose -2*c = 3*i - 839, -2*c - 2*c = 5*i - 1675. Is c a prime number?
False
Let n(f) = 1. Let d(a) = 5*a + 21. Let x(m) = d(m) + 6*n(m). Is x(12) prime?
False
Suppose x - 124 = 133. Is x prime?
True
Let o = -9 + 78. Is o a prime number?
False
Let a = -68 + 279. Is a a composite number?
False
Let y(k) = -23*k - 16. Is y(-7) a composite number?
True
Suppose -5*z + z = 8. Let o(m) = 0 + 3*m - 15*m**3 + 1 - 11*m**3. Is o(z) prime?
False
Let n(a) = 3*a**2 + 3*a. Let w be n(-2). Suppose w*t - 44 = 4*t. Is t a prime number?
False
Let o(q) be the third derivative of 169*q**5/12 - q**4/24 - q**3/6 + q**2. Let i be o(-1). Suppose -3*v + i = 2*v - 2*b, -5*v - 3*b = -845. Is v prime?
False
Let s = 3 + 7. Suppose -4*y + 2*w = 0, -y = -w - 2*w - s. Is (-2)/1 - y - -67 composite?
False
Let o = 6 + 0. Let q(g) = 13*g + 5. Is q(o) prime?
True
Suppose 56 = 6*l - 5*l. Suppose 3*n = 2*p - l, 5*n - 5 = 15. Is p prime?
False
Let j(r) = -26*r - 17. Let o be j(-12). Suppose -2*s = 3*p + p - 232, o = 5*p + 5*s. Is p a prime number?
False
Let i(u) be the third derivative of u**8/20160 - u**7/630 - 7*u**6/720 - u**5/60 + 4*u**2. Let z(b) be the third derivative of i(b). Is z(10) composite?
False
Suppose 3*x + x - 16 = 0. Suppose -i = -3*g + 6, 3 = i + 3*i - 3*g. Suppose 3*k + 0*r + 4*r = 95, -x*k + i*r + 85 = 0. Is k a prime number?
False
Let t be ((-984)/10)/((-7)/35). Suppose 4*m + 4*o - t = 0, -5*m + m + 5*o = -528. Is m prime?
True
Is 1 - 1 - 2 - 4203/(-3) composite?
False
Let f be (-2)/(-7) + 32/(-14). Let z be 94 - (f + -2)/(-2). Let i = -57 + z. Is i prime?
False
Suppose -w + 737 = 4*y - 0*w, 4*w + 12 = 0. Is y prime?
False
Let s(v) be the first derivative of -16*v**3/3 + 2*v**2 + 2*v - 2. Let o be s(-3). Is 3/15 + o/(-5) composite?
False
Is 336/(-32)*316/(-6) prime?
False
Let d(w) = 57*w**2 - 5*w - 1. Is d(3) a composite number?
True
Suppose -2*q = 9 - 35. Suppose 42 = -3*u + 3*i, 3*u = -2*i - 19 - q. Let c = u + 18. Is c composite?
True
Suppose 0 = -2*s - 3*s + 4*l - 69, 77 = -5*s + 2*l. Let m = 128 - s. Is m a composite number?
True
Let y(v) = -2*v - 1. Let f be y(-2). Let p = -3 + f. Let w(o) = -o + 89. Is w(p) prime?
True
Let x be (-15)/10 + 2/4. Let y be (-156)/10*x*5. Suppose 5*u - y + 3 = 0. Is u composite?
True
Let j = 456 + -156. Suppose -x = 4*x + j. Let b = x + 139. Is b a prime number?
True
Let x be 844/6 - (-2)/6. Suppose n + x = -2*n. Is (n/(-4))/((-6)/(-120)) a composite number?
True
Suppose 2*u + 2*j - 36 = -j, 0 = -u + 3*j. Let n = u + -8. Suppose n = 5*x - x, -12 = -g - 5*x. Is g composite?
False
Let t(l) = -34*l - 3. Let d be t(-5). Let s = d - 100. Is s a prime number?
True
Let l be (-10)/(-25) + 1161/(-15). Is l/(-2 - (-3 + 2)) composite?
True
Let p(b) = b**2 - 5*b + 5. Let t be p(3). Let g(j) = -298*j**3 - 3*j - 2. Is g(t) prime?
False
Let q be 7*(177/(-21) + -1). Let x = 47 + q. Let w = x + 56. Is w composite?
False
Is (-4)/12*(-11457)/3 a prime number?
False
Let y = 4294 + -2537. Is y prime?
False
Let g = 30 - 27. Let n = g - -232. Is n a composite number?
True
Let u = -313 - -862. Is u - (3 + (-5 - 2)) composite?
True
Suppose -3*v - 6 = -18. Suppose -v*p = p - 35. Is p/(2 + (-57)/29) composite?
True
Suppose -t - t = -134. Is t a prime number?
True
Let b be 2/(-1)*110/(-20). Let j(w) = 28*w - 13. Is j(b) a prime number?
False
Suppose 3*u + u = 632. Is u prime?
False
Let v(h) = 785*h. Is v(1) a prime number?
False
Is ((-14)/8)/((-1)/428) prime?
False
Suppose -4*l = s - 5*s + 252, 190 = 3*s - 4*l. Let z = s + 31. Is z composite?
True
Suppose 0*p - 5 = 5*p. Is (p/(-4))/((-1)/(-316)) a composite number?
False
Let h(y) = -y - 1. Let r(n) = 2*n + 3. Let a(x) = -2*h(x) - 2*r(x). Let s be a(-5). Let f(p) = 8*p - 1. Is f(s) composite?
False
Suppose 1338 = 4*n - 286. Is n/6 - (-2)/(-3) composite?
False
Let u = 14 - -83. Is u a prime number?
True
Suppose y = 271 - 34. Let m = y - 124. Is m a prime number?
True
Is -4*((-7844)/16 - 3) prime?
True
Let c be -3*(-2)/6 - 3051. Let v be 1/(-4) - c/8. Suppose 0 = 3*k - 0*k - v. Is k prime?
True
Is (5 + 500)/(0 + 1) composite?
True
Let d(j) be the first derivative of 2*j**3 - 3*j**2/2 + 6*j - 1. Let s(g) = 2*g**2 + 6*g - 3. Let b be s(-4). Is d(b) a composite number?
True
Suppose 1712 + 1443 = 5*q. Is q a composite number?
False
Let u(y) = -y**3 + 7*y**2 + 5. Let s be u(7). Let g(t) = -3*t**2 - 1 + 3*t**2 + 2*t**3 - s*t**2 + 2*t**2. Is g(4) a prime number?
True
Let c(o) = 39*o - 32. Is c(17) a composite number?
False
Let n(v) be the second derivative of v**4/3 + 4*v**3/3 + 11*v**2/2 - 4*v. Let a(d) = 2*d + 4. Let r be a(-6). Is n(r) composite?
True
Let a(j) = 128*j**2 - 1. Is a(-1) composite?
False
Suppose 3*m + 1560 = -0*m. Let d = 1511 + m. Is d composite?
False
Let s(t) = 3*t - 1. Let k be s(2). Suppose p + 3 = k. Suppose 4*r = -0*r, -r = -p*x + 246. Is x a composite number?
True
Let n be (-648)/(-156) - 2/13. Suppose 4*a - 2*a = n*f - 750, 940 = 5*f - 3*a. Is f prime?
False
Suppose 0 = -3*v - v + 8444. Is v a prime number?
True
Suppose d + b - 10 = -2*b, 0 = 5*d - 3*b - 50. Let w(f) = -f**2 + 11*f + 4. Is w(d) a prime number?
False
Suppose -5*z + 0 = 5, 5*h - 304 = 4*z. Suppose t = 5*t + h. Is (t/25)/(2/(-590)) composite?
True
Let u = 3 - 7. Let d be -1 - (-2 + -5*3). Is 50/u*d/(-20) a composite number?
True
Let w = 1245 + -614. Is w a prime number?
True
Let a = 379 - 90. Is a prime?
False
Let r = 731 + -294. Is r a prime number?
False
Suppose -4*f = -26 - 102. Suppose 16 = -2*v - m + 5*m, 3*v - 2*m = -f. Let x = 47 + v. Is x composite?
True
Let j = -1 - -3. Suppose 0*t = j*t - 222. Is t a prime number?
False
Let n be (2/(-4))/(1/(-24)). Let x be (-4)/n + 4/3. Is 62*((-3)/6 + x) a composite number?
False
Let v(h) = -2*h + 14. Let y be v(15). Is 4/y*0 + 118 a prime number?
False
Let o(q) = -q**2 - 2*q + 7. Let b = -21 + 15. Let l be o(b). Let t = l - -28. Is t prime?
True
Let q = 132 + -73. Suppose -q = -2*f + 323. Is f a composite number?
False
Let r(b) = -b**2 - 8*b + 10. Let m be r(-8). Suppose 5*n = -m, -2*n - 99 = -c - 0*n. Is c a prime number?
False
Let j(w) = 2*w**2 - 3*w + 5. Let f be j(4). Suppose -3*i = -f - 116. Is i a prime number?
True
Let v = -109 + 275. Suppose -2*t + v = 64. Is t prime?
False
Let q = 8 - 11. Is 2 - -27 - q - -2 a prime number?
False
Let b(a) = -13*a**3 + 2*a**2 - 6*a + 17. Is b(-6) a prime number?
False
Let l(k) = -10*k - 14. Let p be l(-9). Suppose -5*w = -961 + p. Is w composite?
True
Suppose 2*l + 15 = 5*l. Suppose 0 = -l*s + 2*s + 4*w + 2371, 3*s = w + 2359. Is s a composite number?
True
Let t(u) = 42*u - 9. Let l be t(6). Suppose -22 = -5*j + l. Let x = -2 + j. Is x a composite number?
True
Suppose 4*d - 5*d = -3*j - 425, -4*j - 846 = -2*d. Is d prime?
True
Let z(i) = 6*i**2 + 0*i + 8*i**2 - 4*i + 1. Let g be z(-3). Suppose g = -4*j + 359. Is j prime?
False
Let v = 8 - 8. Is 2 - ((-1 - 16) + v) a prime number?
True
Let h(x) = -x - 5. Let p(a) = 5*a**3 + a**2 + 2*a + 1. Let u be p(-1). Let k be h(u). Suppose -c = j - 4*c, k = -3*j + 4*c + 25. Is j a prime number?
False
Suppose 5*i + q + 4*q = 180, -2*i = -q - 87. I